7178 (base 9) to base 7
-21215
3482326 (base 9) to base 14
370bda
25b2a (base 16) to base 15
30b40
What is 177865 (base 13) in base 7?
4666246
What is -101000000110100111100 (base 2) in base 4?
-11000310330
2086003 (base 10) to base 5
1013223003
Convert -24401304 (base 5) to base 8.
-704036
Convert 360408 (base 9) to base 16.
34f0d
What is 13020505 (base 7) in base 13?
324a4b
-104041433 (base 5) to base 7
-3606030
a097 (base 16) to base 13
15935
Convert 12500220 (base 7) to base 11.
710820
Convert -1152378 (base 11) to base 7.
-23034634
What is -1fc3a2 (base 16) in base 2?
-111111100001110100010
What is -13c319 (base 14) in base 4?
-2213220103
What is 40c7b (base 13) in base 5?
12210444
Convert 1011110111100100001101 (base 2) to base 11.
1835527
-51212545 (base 6) to base 14
-2a166d
Convert -156382 (base 9) to base 8.
-274441
What is 170869 (base 10) in base 13?
5ca0a
What is 27479b (base 12) in base 15?
ccca5
-43446 (base 8) to base 2
-100011100100110
What is 46308 (base 11) in base 6?
1233453
10010011110001011010100 (base 2) to base 5
2214422241
Convert 1101001001101101 (base 2) to base 13.
1b69a
Convert 12067368 (base 9) to base 5.
3002000000
What is -12570 (base 14) in base 16?
-afb6
Convert -112200102200 (base 3) to base 4.
-1012203213
-b386c5 (base 15) to base 13
-19ca23a
What is 32d420 (base 16) in base 7?
40212450
What is -433314023 (base 5) in base 15?
-269628
What is -412232234 (base 5) in base 15?
-232d14
Convert -11000000110000011 (base 2) to base 7.
-560505
Convert -1111100011110101011 (base 2) to base 13.
-14b0c7
1ef6a8 (base 16) to base 10
2029224
What is -13424 (base 8) in base 6?
-43204
What is -651378 (base 16) in base 7?
-110206206
What is -8eea3 (base 15) in base 9?
-763810
446526 (base 10) to base 3
211200112000
Convert -154915 (base 10) to base 8.
-456443
Convert 23612476 (base 8) to base 10.
5182782
Convert -113149 (base 10) to base 8.
-334775
What is 688c6 (base 13) in base 10?
190456
Convert -34d007 (base 14) to base 4.
-12320020333
Convert 12494 (base 12) to base 9.
37114
44917 (base 10) to base 11
30824
What is 13c9907 (base 15) in base 5?
12130334112
What is 3167241 (base 9) in base 4?
12132203320
What is -1a576a (base 13) in base 10?
-669159
-144448 (base 13) to base 4
-1320313111
Convert 14b708 (base 13) to base 11.
319930
-2221676 (base 8) to base 12
-24a766
a1686 (base 13) to base 9
480304
2a9cb (base 16) to base 3
22212102102
What is -b31b4 (base 12) in base 14?
-6118c
1004003 (base 6) to base 13
18828
What is -43425320 (base 7) in base 15?
-4d77d5
What is 531135 (base 7) in base 5?
10413111
Convert -3059082 (base 12) to base 10.
-9077282
Convert 1201251 (base 8) to base 3.
121200102112
2012112201 (base 3) to base 9
65481
What is c1e8 (base 16) in base 10?
49640
-1001010100101110010010 (base 2) to base 11
-141a390
Convert -1456242 (base 7) to base 9.
-333056
-100a19 (base 11) to base 8
-474751
What is -221100201012 (base 4) in base 13?
-2318b50
What is 102122022111010 (base 3) in base 12?
20a42a0
-468879 (base 10) to base 14
-c2c35
-311003221 (base 4) to base 13
-77bc0
Convert 7c6a (base 14) to base 7.
120063
Convert -10010101011111010111111 (base 2) to base 8.
-22537277
111011202201 (base 3) to base 6
5320414
Convert -484586 (base 10) to base 7.
-4055534
Convert -1080d (base 16) to base 10.
-67597
Convert -1100000110111111101 (base 2) to base 6.
-12301005
What is 233325 (base 7) in base 3?
2010122000
What is -110002010 (base 3) in base 11?
-6685
110001101111100010 (base 2) to base 11
12a094
What is 1132124102 (base 5) in base 10?
2614277
-531b2 (base 12) to base 15
-22512
Convert 775121 (base 8) to base 11.
168950
Convert 76432 (base 10) to base 5.
4421212
What is -b5b3b (base 15) in base 4?
-2030230121
What is -274860 (base 9) in base 16?
-28edb
What is d087 (base 15) in base 2?
1010101111100010
Convert -14061385 (base 9) to base 7.
-113031623
1042164 (base 7) to base 14
34934
What is d8f61 (base 16) in base 2?
11011000111101100001
Convert 15225142 (base 6) to base 10.
532502
101011010010000101001 (base 2) to base 12
584921
Convert -1000111100010101110 (base 2) to base 10.
-293038
Convert -47054732 (base 8) to base 15.
-d7607d
Convert 2246033 (base 7) to base 4.
1010200112
Convert -200110021212 (base 3) to base 9.
-613255
-2598a9 (base 11) to base 2
-1100011101100110101
-22a51c (base 13) to base 6
-25344032
Convert 612164 (base 9) to base 12.
155904
Convert -16052440 (base 7) to base 4.
-11320203100
What is 1ccce (base 16) in base 11?
806a2
Convert -32201504 (base 6) to base 13.
-272ca7
What is 2122000011222 (base 3) in base 8?
5251573
3510310 (base 7) to base 12
192441
What is 1031200320 (base 4) in base 6?
10445520
Convert 12031221222 (base 4) to base 13.
450498
173c810 (base 13) to base 10
7539272
What is 94353 (base 14) in base 9?
604210
63816a (base 14) to base 13
90a4b8
1010111011110010010 (base 2) to base 15
71260
Convert -766823 (base 9) to base 10.
-457752
Convert 1d524b (base 15) to base 7.
15124241
What is -25020055 (base 7) in base 13?
-605860
What is 15870 (base 15) in base 5?
4210110
What is 105589 (base 12) in base 7?
2124024
What is 13014340 (base 8) in base 6?
141535224
3384596 (base 11) to base 7
101220246
Convert -24714b (base 15) to base 5.
-421321141
646437 (base 8) to base 3
101222210000
Convert 43ba3c (base 13) to base 16.
185d5b
Convert -11010011010001110101 (base 2) to base 6.
-30314245
Convert -12124 (base 15) to base 11.
-3a335
Convert -46023 (base 14) to base 7.
-1306043
What is 13122010333 (base 4) in base 10?
1941823
Convert 940a2 (base 12) to base 16.
2f47a
What is 3b4a1 (base 16) in base 3?
110100010102
Convert 11000111001010001101000 (base 2) to base 16.
639468
What is 787437 (base 9) in base 5?
110040132
What is -52d2 (base 15) in base 7?
-102041
-273527 (base 8) to base 10
-96087
33251652 (base 7) to base 8
12745155
What is -112221112201120 (base 3) in base 13?
-18514b9
What is -115753 (base 13) in base 8?
-1444672
Convert -b9ddb (base 14) to base 13.
-129aa5
What is 13111105 (base 6) in base 12?
188495
Convert -49288 (base 10) to base 11.
-34038
What is -321232220 (base 4) in base 13?
-8381c
Convert -451a3 (base 12) to base 9.
-148886
-121012102110 (base 3) to base 12
-134656
57936 (base 11) to base 14
226b0
Convert -10110000001000010 (base 2) to base 13.
-3207a
What is -8248c (base 13) in base 2?
-111001000011001010
Convert -200352 (base 10) to base 3.
-101011211110
What is 55234124 (base 7) in base 11?
2753450
Convert 2764531 (base 8) to base 10.
780633
Convert -3143b72 (base 12) to base 11.
-527a729
What is -212720 (base 9) in base 8?
-367356
Convert -c02b1b (base 16) to base 11.
-7122023
Convert 121105333 (base 6) to base 13.
624885
What is 11313331120 (base 4) in base 5?
343234203
Convert -641173 (base 8) to base 5.
-23314002
What is -324101212 (base 6) in base 10?
-5793416
11001110001101010010100 (base 2) to base 14
c7c67a
What is -6570107 (base 9) in base 15?
-49ad71
1012011211121 (base 3) to base 8
2325046
What is -22030243 (base 5) in base 13?
-682cc
What is 5661314 (base 9) in base 10?
3051850
Convert -a4b35 (base 13) to base 14.
-79da5
What is -447281 (base 10) in base 16?
-6d331
What is 96170 (base 10) in base 15?
1d765
Convert 10553052 (base 7) to base 2.
11100000110001001001
20045062 (base 7) to base 14
312569
-116838 (base 9) to base 5
-4230132
Convert -1313300003 (base 4) to base 14.
-caa79
Convert 1151252 (base 7) to base 11.
a0441
Convert -2d96b (base 14) to base 10.
-114363
Convert -100000000010111110011101 (base 2) to base 10.
-8400797
35172504 (base 8) to base 2
11101001111010101000100
Convert -619480 (base 13) to base 2.
-1000101011111000001000
What is -133330223113 (base 4) in base 3?
-120202111100011
What is -12202111110002 (base 3) in base 12?
-1037278
Convert 4113331 (base 6) to base 14.
51859
673148 (base 11) to base 4
10011330333
Convert 10002121121 (base 3) to base 12.
2b337
-41404113 (base 6) to base 14
-232a4d
-6357a27 (base 11) to base 13
-2420224
Convert -1035033 (base 7) to base 15.
-27796
1267545 (base 9) to base 16
a98b6
Convert -cb1cd (base 16) to base 2.
-11001011000111001101
7b63 (base 14) to base 7
116353
Convert 311310200 (base 4) to base 2.
110101110100100000
102001441 (base 5) to base 2
1100111000011101001
-675353 (base 8) to 